t t be g(3). Let f(r) = r**3 + 7*r**2 - 4*r + 1. Let m = 16165 + -16150. Calculate the remainder when f(t) is divided by m.
14
Let m = 11 - -34. Suppose 6863 = 40*a + 1783. Calculate the remainder when a is divided by m.
37
Suppose 22*z - 1001 = 98*z - 3281. Let u(b) = 148*b**2 + b + 1. Suppose q - 4*j = 3, 8 - 2 = -2*q - 4*j. What is the remainder when u(q) is divided by z?
28
Let b = 230 + -55. Let l = b - 165. Let n = 68 - 32. What is the remainder when n is divided by l?
6
Let g = -33 + 51. Suppose -5*t = -9*v + 8*v + 490, v - 454 = -4*t. Calculate the remainder when v/14 - -1 - (-324)/(-567) is divided by g.
16
Let u(g) = -4*g**2 + 21*g + 108. Let b(i) = 5*i**2 - 19*i - 108. Let c(h) = -5*b(h) - 6*u(h). Calculate the remainder when 105 is divided by c(-26).
17
Suppose 437 = 2*j + 2*n - 311, -17*j - 4*n + 6462 = 0. What is the remainder when j is divided by 160?
62
Let u(a) = 116*a - 1981. What is the remainder when u(21) is divided by 117?
104
Let k be (12/10)/((8/5)/4). Suppose -3*b - k*g = -9, 0 = b + 2*b + g - 13. What is the remainder when 127 is divided by b?
2
Let c = -58 + 80. What is the remainder when 165 is divided by 972/c - 40/220?
33
Let b(r) = -8*r + 16. Suppose -5*p - 14 - 1 = 0. Let z be b(p). Let v = -29 + z. Calculate the remainder when v is divided by 6.
5
Let n be (0 - 72/(-20))*(-25)/(-10). Calculate the remainder when ((2 - 8/4) + 41)*n is divided by 37.
36
Suppose -334*n = -329*n - 25. Suppose n*a - 40 = -3*i, a + a - 4*i + 10 = 0. Calculate the remainder when 158 is divided by a.
3
Let l = -18004 - -19555. Calculate the remainder when l is divided by 368.
79
Let x(f) = -4*f**3 + 4*f**2 - 3*f + 1. Let i be 1/((-91)/28 + 3). What is the remainder when x(i) is divided by 56?
53
Suppose 112*w + 275 = 1171. Calculate the remainder when 1071 is divided by w.
7
Suppose -2*k + q - 25 = 0, -3*k = -k - 2*q + 26. Let c = k + 10. Calculate the remainder when 4/2*(-7)/c is divided by 3.
1
Suppose -80*t + 506 = 15*t - 254. Calculate the remainder when 69 is divided by t.
5
Let z = -97 + 102. Let x = -87 - -134. What is the remainder when x is divided by (-3)/(-3) + 55/z?
11
What is the remainder when (-862684)/(-1081) - 2/47 is divided by 25?
23
Let f = -357 + 384. Suppose -5*m = -2*c + 50, m = -3*m + 3*c - 40. Let n = m + f. Calculate the remainder when n is divided by 6.
5
Let y be -172 - (-3 - (5 - 9)). Let t = 226 + y. Calculate the remainder when 209 is divided by t.
50
Suppose 6*q = 3*q + k + 1514, -5*k = -20. What is the remainder when q is divided by 137?
95
Let u be 2/(-11) - 6624/352. Let c(z) = z**2 + 12*z + 138. Calculate the remainder when c(u) is divided by 55.
51
Let x be (153/34)/((-6)/(-4)). Suppose 2*t - f - 25 = 0, -7 - 24 = -2*t + 3*f. Calculate the remainder when 4 - (-5 + x - 47) is divided by t.
9
Let o(y) = y**3 - 13*y**2 + 13*y - 18. Suppose 11*s + 36 = 14*s. Let a be o(s). What is the remainder when a/(-9)*2133/18 is divided by 21?
16
Let r(h) = -h + 44. Let w = 354 + -346. What is the remainder when 107 is divided by r(w)?
35
Let t(v) = v**3 + 15*v**2 + 24*v + 110. Let c be t(-13). Suppose c = 13*j + 19. What is the remainder when 105 is divided by j?
6
What is the remainder when -12 + 11 - -259 - (-5)/1 is divided by 67?
62
Suppose -8739 = -11*f - 4*i, -f + 4*i = -40 - 785. What is the remainder when f is divided by 163?
145
Let i = -873 - -416. Let x be (5 - i/(-3))*6/(-4). Suppose -13*y + x = 13. Calculate the remainder when 30 is divided by y.
14
Suppose -2*y + 0*y + 26 = 0. Calculate the remainder when 14 + (11/1 - -5) is divided by y.
4
Let t = 357 - 357. Suppose t = s - 4*g - 195, 3*s + g - 535 = 3*g. Calculate the remainder when s is divided by 9.
4
Suppose -m = -30*m + 435. Let p = 111 - 54. What is the remainder when p is divided by m?
12
Suppose 12455334 = -833*x + 8479*x. Let q = 209 - 141. What is the remainder when x is divided by q?
65
Let j(l) = -31*l - 48. Let k(a) = a**2 + 10*a - 24. Calculate the remainder when k(5) is divided by j(-2).
9
Let k(t) = 2*t**2 + 39*t - 4887. What is the remainder when k(52) is divided by 35?
29
Suppose -685*j + 8046 = -14117 + 5723. Suppose -20 = -5*z, 2*z - 103 = -2*q + 237. Calculate the remainder when q is divided by j.
22
Suppose 0 = -5*i - 4*u + 212, -44*i + 2*u - 84 = -46*i. Calculate the remainder when 213 is divided by i.
37
Let d be (-4)/(-16) - 14*63/8. What is the remainder when 51 is divided by ((-1188)/d)/(4/10)?
24
Let f(c) = 167*c + 4046. What is the remainder when 40 is divided by f(-24)?
2
Let r(y) = 2*y + 3*y - 10*y - 2*y - y**2 + 8. Let f be r(-8). Suppose 2*l - 56 = 4*k - 16, f = -2*l + k + 34. Calculate the remainder when l is divided by 9.
7
Suppose 1 = -2*a - a + 5*b, -11 = -a - 4*b. Let t = -343 + 354. Calculate the remainder when t is divided by a.
2
Suppose -4*y + s = -211, 3*y = 4*s - 11 + 166. Let o = 131 + -93. Let r = y - o. What is the remainder when 42 is divided by r?
12
Let z = 6539 + -6515. Calculate the remainder when 854 is divided by z.
14
Let v be 7 - (-184 + 6 + -1). What is the remainder when 64 is divided by (-34)/(-1) + 31/(v/(-36))?
8
Let f(s) = 2*s**2 + 14*s + 9. Let w be (-1 - 2)*(2 + -3)*-2. Let v be f(w). What is the remainder when (-28)/v*(-7)/(70/(-15)) is divided by 4?
2
Let s = 175 - 237. Let c = s + 217. Calculate the remainder when c is divided by (-4)/20 - 131/(-5).
25
Let u(d) = 187*d - 2800. Calculate the remainder when u(28) is divided by 67.
24
Let y(r) = -3*r + 109. Let l(q) = -q + 37. Let p(n) = -8*l(n) + 3*y(n). Calculate the remainder when 22 is divided by p(25).
4
Suppose 4*a + 5*f = 1589 - 164, -4*f = 5*a - 1770. Calculate the remainder when a is divided by 59.
55
Suppose -15*t = -20*t - 12*t + 3859. What is the remainder when t is divided by 110?
7
Suppose -2*i = 8, -z - 43*i + 107 = -48*i. Calculate the remainder when 498 is divided by z.
63
Suppose 7 = 5*j - 13. Suppose 0 = 5*r + c - 229, j*c - 93 - 87 = -4*r. Calculate the remainder when r is divided by 39.
7
Let d be (110/5)/((-4)/2). Let t(y) = y**2 + 12*y + 13. Let b be t(d). Suppose 4*q = -b*q + 234. What is the remainder when q is divided by 10?
9
Suppose -3*m - t = -12 - 12, 0 = -m + 4*t - 5. Suppose -7*i = -28 - 0. Suppose i*p + m - 95 = 0. Calculate the remainder when 175 is divided by p.
21
Let f = 15 + 21. Let d = f - 18. What is the remainder when (574 + -10)/(-27 - -31) is divided by d?
15
Let c = -51 - -71. Suppose -18*q = -c*q + 716. Suppose -346 = -8*j + q. Calculate the remainder when j is divided by 18.
16
Suppose -53*a + 200 = -3722. What is the remainder when 109 is divided by a?
35
Suppose -4*n - 8*q + 1793 = -11*q, -n - 3*q + 467 = 0. Calculate the remainder when n is divided by 96.
68
Suppose -3*s + 24 = 4*f, -2*f - 3*s + 20 = 2. Suppose -3*n = -2*r - 17 + 48, -f*r - 5*n = -56. What is the remainder when 83 is divided by r?
15
Suppose -3*o + 463 = 45*n - 41*n, 2*n + 654 = 4*o. Calculate the remainder when o is divided by 70.
21
Let q be (-768)/(-15) - 11/55. Suppose q*r + 64 = 55*r. Calculate the remainder when 76 is divided by r.
12
What is the remainder when 839 is divided by (-104)/130 - (-79)/5?
14
Let x = -75 + 114. Let p = -37 + 27. Calculate the remainder when x is divided by 54/4 + (-35)/p + -3.
11
Suppose 5*c - 2*f - 881 = 0, -24*c = -28*c - 4*f + 744. Let r(k) = 13*k**3 - 4*k**2 + 2*k + 1. What is the remainder when c is divided by r(2)?
86
Let x(k) = -k**3 + k**2 - 3*k - 1. Suppose -l - 3*l - 36 = 0. What is the remainder when ((-3)/l)/(13/1248) is divided by x(-2)?
15
Let p(t) = 28*t - 695. Calculate the remainder when p(31) is divided by 22.
19
Suppose c - 28 = 5*o, -8*c + 9*c = 4*o + 27. Suppose r - 2*d - 22 - 121 = 0, -2*r + 280 = -2*d. What is the remainder when r is divided by c?
22
Let o(j) = -j**3 + 94. Let s(r) = -r**3 - 7*r**2 - 2*r - 7. Let d be s(-7). Let f = d + 12. Calculate the remainder when o(0) is divided by f.
18
Let w(n) = n**2 - 15*n + 46. Suppose -4*o + 8*c = 5*c - 68, 5*c - 100 = -4*o. What is the remainder when w(o) is divided by 50?
46
Suppose -5*r + 65 = -0*r. Suppose -f + 4*f + 225 = 5*m, 10 = -2*f. Let h = 50 - m. What is the remainder when r is divided by h?
5
Let z(j) = -113*j + 2022. Calculate the remainder when 2154 is divided by z(16).
14
Let o(j) = 4*j - 20. Let c b